{"id":8444,"date":"2025-08-02T17:49:40","date_gmt":"2025-08-02T10:49:40","guid":{"rendered":"https:\/\/kaguranutri.com\/?post_type=product&#038;p=8444"},"modified":"2025-08-02T18:29:46","modified_gmt":"2025-08-02T11:29:46","slug":"tops-tea-me-da","status":"publish","type":"product","link":"https:\/\/kaguranutri.com\/?product=tops-tea-me-da","title":{"rendered":"Tops Tea Me \u0110\u00e1"},"content":{"rendered":"<p>**Me \u0110\u00e1 \u2013 Chua ng\u1ecdt h\u00e0i h\u00f2a, m\u00e1t l\u1ea1nh \u0111\u1eadm \u0111\u00e0**<\/p>\n<p>T\u1eeb h\u01b0\u01a1ng v\u1ecb me ch\u00edn t\u1ef1 nhi\u00ean, Me \u0110\u00e1 mang \u0111\u1ebfn c\u1ea3m gi\u00e1c chua thanh, ng\u1ecdt d\u1ecbu, tan nhanh n\u01a1i \u0111\u1ea7u l\u01b0\u1ee1i. M\u1ed7i ly l\u00e0 s\u1ef1 k\u1ebft h\u1ee3p ho\u00e0n h\u1ea3o gi\u1eefa truy\u1ec1n th\u1ed1ng v\u00e0 hi\u1ec7n \u0111\u1ea1i, gi\u1ea3i kh\u00e1t c\u1ef1c \u0111\u00e3, \u0111\u00e1nh th\u1ee9c v\u1ecb gi\u00e1c ng\u00e0y h\u00e8. M\u1ed9t l\u1ef1a ch\u1ecdn th\u00fa v\u1ecb cho nh\u1eefng ai y\u00eau th\u00edch c\u1ea3m gi\u00e1c &#8220;\u0111\u00e3 kh\u00e1t&#8221; \u0111\u00fang ngh\u0129a, \u0111\u1eadm ch\u1ea5t Vi\u1ec7t, tr\u1ebb trung v\u00e0 s\u1ea3ng kho\u00e1i.<\/p>\n","protected":false},"excerpt":{"rendered":"<p>**Me \u0110\u00e1 \u2013 Chua ng\u1ecdt h\u00e0i h\u00f2a, m\u00e1t l\u1ea1nh \u0111\u1eadm \u0111\u00e0**<\/p>\n<p>T\u1eeb h\u01b0\u01a1ng v\u1ecb me ch\u00edn t\u1ef1 nhi\u00ean, Me \u0110\u00e1 mang \u0111\u1ebfn c\u1ea3m gi\u00e1c chua thanh, ng\u1ecdt d\u1ecbu, tan nhanh n\u01a1i \u0111\u1ea7u l\u01b0\u1ee1i. M\u1ed7i ly l\u00e0 s\u1ef1 k\u1ebft h\u1ee3p ho\u00e0n h\u1ea3o gi\u1eefa truy\u1ec1n th\u1ed1ng v\u00e0 hi\u1ec7n \u0111\u1ea1i, gi\u1ea3i kh\u00e1t c\u1ef1c \u0111\u00e3, \u0111\u00e1nh th\u1ee9c v\u1ecb gi\u00e1c ng\u00e0y h\u00e8. M\u1ed9t l\u1ef1a ch\u1ecdn th\u00fa v\u1ecb cho nh\u1eefng ai y\u00eau th\u00edch c\u1ea3m gi\u00e1c &#8220;\u0111\u00e3 kh\u00e1t&#8221; \u0111\u00fang ngh\u0129a, \u0111\u1eadm ch\u1ea5t Vi\u1ec7t, tr\u1ebb trung v\u00e0 s\u1ea3ng kho\u00e1i.<\/p>\n","protected":false},"featured_media":8445,"comment_status":"open","ping_status":"closed","template":"","meta":{"_uag_custom_page_level_css":"","site-sidebar-layout":"default","site-content-layout":"","ast-site-content-layout":"default","site-content-style":"default","site-sidebar-style":"default","ast-global-header-display":"","ast-banner-title-visibility":"","ast-main-header-display":"","ast-hfb-above-header-display":"","ast-hfb-below-header-display":"","ast-hfb-mobile-header-display":"","site-post-title":"","ast-breadcrumbs-content":"","ast-featured-img":"","footer-sml-layout":"","theme-transparent-header-meta":"default","adv-header-id-meta":"","stick-header-meta":"","header-above-stick-meta":"","header-main-stick-meta":"","header-below-stick-meta":"","astra-migrate-meta-layouts":"set","ast-page-background-enabled":"default","ast-page-background-meta":{"desktop":{"background-color":"","background-image":"","background-repeat":"repeat","background-position":"center center","background-size":"auto","background-attachment":"scroll","background-type":"","background-media":"","overlay-type":"","overlay-color":"","overlay-opacity":"","overlay-gradient":""},"tablet":{"background-color":"","background-image":"","background-repeat":"repeat","background-position":"center center","background-size":"auto","background-attachment":"scroll","background-type":"","background-media":"","overlay-type":"","overlay-color":"","overlay-opacity":"","overlay-gradient":""},"mobile":{"background-color":"","background-image":"","background-repeat":"repeat","background-position":"center center","background-size":"auto","background-attachment":"scroll","background-type":"","background-media":"","overlay-type":"","overlay-color":"","overlay-opacity":"","overlay-gradient":""}},"ast-content-background-meta":{"desktop":{"background-color":"var(--ast-global-color-5)","background-image":"","background-repeat":"repeat","background-position":"center center","background-size":"auto","background-attachment":"scroll","background-type":"","background-media":"","overlay-type":"","overlay-color":"","overlay-opacity":"","overlay-gradient":""},"tablet":{"background-color":"var(--ast-global-color-5)","background-image":"","background-repeat":"repeat","background-position":"center center","background-size":"auto","background-attachment":"scroll","background-type":"","background-media":"","overlay-type":"","overlay-color":"","overlay-opacity":"","overlay-gradient":""},"mobile":{"background-color":"var(--ast-global-color-5)","background-image":"","background-repeat":"repeat","background-position":"center center","background-size":"auto","background-attachment":"scroll","background-type":"","background-media":"","overlay-type":"","overlay-color":"","overlay-opacity":"","overlay-gradient":""}}},"product_brand":[],"product_cat":[15,39],"product_tag":[],"class_list":{"0":"post-8444","1":"product","2":"type-product","3":"status-publish","4":"has-post-thumbnail","6":"product_cat-chua-phan-loai","7":"product_cat-kagura","8":"desktop-align-center","9":"tablet-align-center","10":"mobile-align-center","12":"first","13":"instock","14":"shipping-taxable","15":"product-type-simple"},"aioseo_notices":[],"uagb_featured_image_src":{"full":["https:\/\/kaguranutri.com\/wp-content\/uploads\/2025\/08\/TST-Me-Da.png",1000,1001,false],"thumbnail":["https:\/\/kaguranutri.com\/wp-content\/uploads\/2025\/08\/TST-Me-Da.png",150,150,false],"medium":["https:\/\/kaguranutri.com\/wp-content\/uploads\/2025\/08\/TST-Me-Da.png",300,300,false],"medium_large":["https:\/\/kaguranutri.com\/wp-content\/uploads\/2025\/08\/TST-Me-Da.png",768,769,false],"large":["https:\/\/kaguranutri.com\/wp-content\/uploads\/2025\/08\/TST-Me-Da.png",1000,1001,false],"1536x1536":["https:\/\/kaguranutri.com\/wp-content\/uploads\/2025\/08\/TST-Me-Da.png",1000,1001,false],"2048x2048":["https:\/\/kaguranutri.com\/wp-content\/uploads\/2025\/08\/TST-Me-Da.png",1000,1001,false],"woocommerce_thumbnail":["https:\/\/kaguranutri.com\/wp-content\/uploads\/2025\/08\/TST-Me-Da.png",300,300,false],"woocommerce_single":["https:\/\/kaguranutri.com\/wp-content\/uploads\/2025\/08\/TST-Me-Da.png",600,601,false],"woocommerce_gallery_thumbnail":["https:\/\/kaguranutri.com\/wp-content\/uploads\/2025\/08\/TST-Me-Da.png",100,100,false],"variation_swatches_image_size":["https:\/\/kaguranutri.com\/wp-content\/uploads\/2025\/08\/TST-Me-Da.png",50,50,false],"variation_swatches_tooltip_size":["https:\/\/kaguranutri.com\/wp-content\/uploads\/2025\/08\/TST-Me-Da.png",100,100,false]},"uagb_author_info":{"display_name":"admin","author_link":"https:\/\/kaguranutri.com\/?author=0"},"uagb_comment_info":0,"uagb_excerpt":"**Me \u0110\u00e1 \u2013 Chua ng\u1ecdt h\u00e0i h\u00f2a, m\u00e1t l\u1ea1nh \u0111\u1eadm \u0111\u00e0** T\u1eeb h\u01b0\u01a1ng v\u1ecb me ch\u00edn t\u1ef1 nhi\u00ean, Me \u0110\u00e1 mang \u0111\u1ebfn c\u1ea3m gi\u00e1c chua thanh, ng\u1ecdt d\u1ecbu, tan nhanh n\u01a1i \u0111\u1ea7u l\u01b0\u1ee1i. M\u1ed7i ly l\u00e0 s\u1ef1 k\u1ebft h\u1ee3p ho\u00e0n h\u1ea3o gi\u1eefa truy\u1ec1n th\u1ed1ng v\u00e0 hi\u1ec7n \u0111\u1ea1i, gi\u1ea3i kh\u00e1t c\u1ef1c \u0111\u00e3, \u0111\u00e1nh th\u1ee9c v\u1ecb gi\u00e1c&hellip;","jetpack_sharing_enabled":true,"_links":{"self":[{"href":"https:\/\/kaguranutri.com\/index.php?rest_route=\/wp\/v2\/product\/8444","targetHints":{"allow":["GET"]}}],"collection":[{"href":"https:\/\/kaguranutri.com\/index.php?rest_route=\/wp\/v2\/product"}],"about":[{"href":"https:\/\/kaguranutri.com\/index.php?rest_route=\/wp\/v2\/types\/product"}],"replies":[{"embeddable":true,"href":"https:\/\/kaguranutri.com\/index.php?rest_route=%2Fwp%2Fv2%2Fcomments&post=8444"}],"version-history":[{"count":0,"href":"https:\/\/kaguranutri.com\/index.php?rest_route=\/wp\/v2\/product\/8444\/revisions"}],"wp:featuredmedia":[{"embeddable":true,"href":"https:\/\/kaguranutri.com\/index.php?rest_route=\/wp\/v2\/media\/8445"}],"wp:attachment":[{"href":"https:\/\/kaguranutri.com\/index.php?rest_route=%2Fwp%2Fv2%2Fmedia&parent=8444"}],"wp:term":[{"taxonomy":"product_brand","embeddable":true,"href":"https:\/\/kaguranutri.com\/index.php?rest_route=%2Fwp%2Fv2%2Fproduct_brand&post=8444"},{"taxonomy":"product_cat","embeddable":true,"href":"https:\/\/kaguranutri.com\/index.php?rest_route=%2Fwp%2Fv2%2Fproduct_cat&post=8444"},{"taxonomy":"product_tag","embeddable":true,"href":"https:\/\/kaguranutri.com\/index.php?rest_route=%2Fwp%2Fv2%2Fproduct_tag&post=8444"}],"curies":[{"name":"wp","href":"https:\/\/api.w.org\/{rel}","templated":true}]}}